7 + -49260. Is r a prime number?
False
Suppose 0 = -3*u - 12 + 21. Suppose 0 = -5*k - u*l - 0*l + 355, -l = -3*k + 227. Let c = k - -87. Is c composite?
True
Let m be (0 - 1)/((-7)/7035). Let x = m + -196. Is x composite?
False
Let q(t) = 440*t**2 + 4*t + 25. Let i be q(9). Suppose -i = -11*a - 116. Is a composite?
True
Suppose i + 4 = 0, 2*j + 2*i + 3*i - 24158 = 0. Suppose 14*y = 7*y + j. Is y a composite number?
True
Suppose -70*y - 16 = -66*y. Is (0 - (y - -4)) + 0 + 4121 prime?
False
Let l(v) = -23*v**3 - 33*v**2 - 40*v + 23. Is l(-21) composite?
False
Suppose 38*g = 14*g + 1090104. Is g composite?
True
Let p(a) = 239*a**2 - 7*a + 8. Let j be p(1). Suppose j*x + 141560 = 248*x. Is x prime?
False
Is (-1)/(-2)*(10 - 30772*-4) a composite number?
True
Suppose 15*k = 37*k + 19*k - 3508411. Is k a prime number?
True
Let g(j) be the second derivative of -j**3/6 - 6*j**2 + 8*j. Let y be g(-18). Suppose -6*i - y*i + 12984 = 0. Is i prime?
False
Let b(d) = -d**2 + 3*d + 94. Let l be b(-8). Suppose -8 - 4 = -4*n. Suppose l*z - 2139 = n*z. Is z a composite number?
True
Let q(d) = 2*d**2 + 4*d - 7. Let c be q(3). Suppose -52 = c*p - 27*p. Let i(r) = -r**3 + 33*r**2 - 12*r - 9. Is i(p) prime?
False
Suppose 2*p - 1046009 = t, -72*t + 73*t - 2615012 = -5*p. Is p composite?
True
Let n(w) = 91*w**3 - w**2 - 7*w + 7. Let v be n(4). Let m = -1828 + v. Is m a prime number?
False
Let n be (-1 - 2)*(-34)/(-3) + 0. Let c = n - -35. Is 0 + 2*249 - c composite?
True
Let i(s) be the second derivative of 65*s**4/12 - s**2/2 - 341*s. Let n be (-2)/(0 - (0 - 1)). Is i(n) composite?
True
Suppose u - 13 = 5. Let j = u + -43. Let c(n) = -27*n - 52. Is c(j) prime?
False
Suppose -47510*f + 47525*f = 3014745. Is f prime?
True
Let x(h) = 3*h - 23. Let d be x(8). Let z be (d + -1)/(-2)*-1. Is (-1731)/(-6)*(z - (-2 - 0)) a composite number?
False
Let a = -42 - -28. Let q be (8/5)/(a/(-35)). Suppose -3997 = -q*i + x + 852, -5*i + 6068 = x. Is i a prime number?
True
Suppose 0 = 4*t - q + 18390, 5*q + 2447 = -t - 2161. Let c = -1659 - t. Is c a prime number?
True
Is 84/20*(-80)/(-48) - -49150 a prime number?
True
Suppose 9 = 7*j - 26. Let y be 1/(j/3) - (-14)/10. Is ((-12006)/36)/((-1)/y) composite?
True
Suppose 34 - 146 = -2*h. Is -21207*(h/(-24))/7 composite?
False
Let l(r) be the first derivative of 2*r**3/3 - 15*r**2/2 - 35*r + 100. Is l(-6) a prime number?
True
Suppose l = -608 + 214. Let x = 187 - l. Is x a composite number?
True
Is 76513554/468*((-6)/21 + 48/21) a composite number?
True
Let t(m) = 611*m + 3. Let b be t(-1). Is (2 + 1)*(b/(-12) + -1) a prime number?
True
Let h(g) = -g**3 + 9*g**2 - 8*g + 2. Let j be h(8). Suppose j*r = 5*o + 691, 5*r - 5*o - 777 = 973. Suppose -73 = -3*k + r. Is k a composite number?
True
Suppose -291003 = -4*m - 115363. Suppose 4*y = 14*y - m. Is y a composite number?
False
Let q(p) = 23150*p**2 - 2*p + 277. Is q(-7) prime?
False
Suppose 8603*w - 8615*w = -156540. Is w prime?
False
Let m be 16*(169 - 0/1). Is 1 - m/(-4 + 0) a prime number?
True
Let k(j) = 35 - 16 + 34 + 2*j**2 + 5*j - 4. Is k(-20) a prime number?
False
Let a(z) = 3458*z**2 + 42*z - 207. Is a(5) a composite number?
False
Let f(v) = -1520*v - 105. Let t be f(-24). Suppose -5*g - 7458 = -3*b + 14386, 2*g + t = 5*b. Is b composite?
True
Let f = -1876354 - -2674295. Suppose 0 = 44*z - 534951 - f. Is z composite?
False
Let b(r) be the first derivative of 53*r**2/2 + 37*r + 2. Suppose -8*f + 10 = 3*p - 6*f, 2*p = 4*f + 28. Is b(p) a composite number?
True
Let b(n) = 60*n**2 + 27*n - 69. Is b(18) a composite number?
True
Suppose -3*f - 3*l = -7*l - 1588, -2639 = -5*f - l. Is 31933/5 + (f/(-55) - -10) prime?
False
Let d(n) be the third derivative of -n**4/12 - 13*n**3/3 - 18*n**2. Let h be d(-14). Is (-594)/(-10) + h/(-5) a prime number?
True
Let b(d) = 28*d**3 - 9*d**2 + 27*d - 107. Is b(6) a prime number?
True
Let b(z) = -4*z + 62. Let n be b(13). Let k be (7 + -19)/(n/(-4) + 1). Suppose -k*o + 420 = g - 11*o, 2*o = 2*g - 828. Is g composite?
True
Let j(d) = -568*d - 2. Let t(q) = q + 1. Let g be t(-2). Is j(g) composite?
True
Suppose -4*n = 5*z - 557057, 13*z + 222816 = 15*z + 5*n. Is z composite?
True
Suppose -3*w = 2*s + 952, -956 = 3*w - 8*s + 9*s. Let l = w + 691. Is l a prime number?
False
Suppose -13*r = -8*r + 140. Let m = -22 - r. Suppose -4201 = -m*f + 2*f + j, 5*f - 5260 = 3*j. Is f a prime number?
True
Is (2269385/(-4))/(64/((-5120)/100)) a prime number?
True
Suppose 1258775 = -155*u + 190*u. Is u composite?
True
Suppose 4*j + 2*a = -2804, 4*a = 5*j - a + 3475. Let t = -389 - j. Suppose -z = 5*d - 38 - 31, -4*z - 3*d = -t. Is z composite?
False
Let x = -17 - -24. Suppose -x*p + 90 = 6. Let v(t) = 15*t + 7. Is v(p) prime?
False
Suppose 0 = 8*w - 21 - 27. Is (-8962)/((-7)/15 + w/(-30)) a composite number?
True
Let j be (-13 - -3 - -3)/(-1). Let h(m) = -m + 3 + 5*m**2 + j*m + 0*m**3 - 18*m**3 - m**3. Is h(-2) composite?
False
Let b = -34 + 43. Suppose -w - 2*w = -b. Suppose -w - 2636 = -7*d. Is d prime?
False
Let f be (-85)/(-34) - ((-12387)/(-6) + -2). Let g = f - -3421. Is g a composite number?
False
Is 11293 - ((-960)/112 + 4/7) prime?
False
Let j be 213109/(-52)*(-3 - 1). Suppose 5034 = 7*r - j. Is r a composite number?
False
Suppose 0 = -2*h + 4. Suppose 0 = w + h*w - 36345. Is w composite?
True
Let w(g) = -18995*g - 2338. Is w(-9) composite?
False
Suppose 102*n - 105*n + 183630 = 0. Suppose 0 = -117*a + 107*a + n. Is a a prime number?
True
Suppose -21*k + 1221000 + 28974 + 194259 = 0. Is k a prime number?
False
Suppose -10 = -4*i + 2. Suppose -i*q + 9*q = 252. Suppose -4*o + 8*o - 108 = -2*l, -2*l - q = -2*o. Is o a composite number?
True
Let j = -66 + 36507. Suppose 19283 = 5*u - 2*s - 41440, -j = -3*u + 3*s. Is u prime?
True
Let o = -176317 + 334679. Is o composite?
True
Let z = 186356 - 121234. Is z composite?
True
Suppose 29*f - 701794 = -126202. Suppose -45041 = -11*b + f. Is b composite?
True
Let p(m) = 6023*m - 989. Is p(6) composite?
False
Let y be 2736/(-208) - 10/(-65). Let i(m) = 24*m**2 - 19*m - 106. Is i(y) prime?
False
Suppose -11*u - 1958 = -13*u. Suppose -3*s + 1136 = -u. Suppose l - 3*k = 862, -3*l - 3*k + 3351 - s = 0. Is l a prime number?
True
Suppose -16012 = -5*v - d, -12*d + 16*d + 12 = 0. Suppose -5*t + 42 = -v. Let b = t - 356. Is b a prime number?
True
Suppose h + 20 = 5*h, 5*w = 5*h - 40. Is (w - -6)*-1 + 4112 prime?
False
Let v(u) be the second derivative of 14/3*u**4 + 0 - 25*u + 5/2*u**2 + 3*u**3. Is v(-5) composite?
True
Suppose 0 = -10*s + 21 - 721. Let r = s - -79. Let t(c) = 32*c**2 - 5*c - 4. Is t(r) prime?
True
Let b = 37720 + -23381. Is b a prime number?
False
Let h = -759504 + 1672877. Is h a prime number?
True
Let o(r) = r + 6 + 6*r**2 + 7 - 7*r**2 - r**2 + 207*r**3. Let t be o(6). Is 1 + (-4)/10 + t/85 prime?
False
Let o(f) = 8168*f**2 + 37*f + 126. Is o(-3) a composite number?
True
Let p = -112 - -120. Suppose -13*t + 14185 = -p*t. Is t a prime number?
True
Suppose 0 = 8*j - 15*j + 2380. Suppose -57*u = -53*u + j. Let x = 186 - u. Is x a composite number?
False
Suppose 2*j - 5 = m, 8 + 17 = -5*m + 5*j. Let y(s) = -768*s - 157. Is y(m) composite?
True
Suppose 0 = -15*u + 7*u + 328280. Suppose -24629 = -3*k - t, u = -3*k + 8*k - 5*t. Is k composite?
False
Is ((-51218)/5)/((-422)/1055) a composite number?
False
Suppose 6466 = -i - 2*k, -19400 = 3*i - 31*k + 35*k. Let z = i - -12373. Is z a composite number?
True
Let h(x) = x**2 + 10*x + 11. Let v be h(-9). Suppose 6*r - 29220 = -5412. Suppose 5*y - r = y - 3*u, 1982 = v*y + 2*u. Is y composite?
True
Let f = -190 - -227. Suppose -a + 2579 = f*p - 40*p, a = 4*p + 2579. Is a prime?
True
Let n = 24 + -16. Is (1*1/(-3))/(n/(-25944)) a composite number?
True
Suppose -6127*a + 6157*a - 16453230 = 0. Is a prime?
True
Let g(t) = -45*t**3 - 17*t**2 + 4*t + 25. Let n(d) = -44*d**3 - 13*d**2 + 3*d + 24. Let b(c) = 4*g(c) - 5*n(c). Is b(6) a prime number?
False
Let c(o) = -8281*o**3 - 4*o**2 + 22*o + 44. Is c(-3) prime?
True
Suppose -4*h + 10 = u - 1, -h + u = -4. Suppose -2*i = -0*i - 4*z - 4530, 4*z - 6825 = -h*i. Let g = i - 1280. Is g a prime number?
True
Let s(p) = 163*p**2 + 55*p + 47. Is s(-11) a composite number?
True
Suppose 24*p - 21*p - 9 = 0. Suppose c + 6 = 5*y + 2, p*c - 